 13) to base 5
-1012302
3dac (base 16) to base 5
1001123
-b26 (base 14) to base 9
-3003
Convert 22540 (base 6) to base 8.
6234
Convert 54 (base 8) to base 3.
1122
What is -140 (base 5) in base 12?
-39
Convert 101002 (base 3) to base 12.
1a8
What is 54 (base 16) in base 12?
70
Convert 13063 (base 11) to base 15.
581d
-22a0 (base 15) to base 3
-101002020
What is -2295a (base 12) in base 13?
-180c1
-1203323 (base 4) to base 15
-1d65
-b4d (base 16) to base 6
-21221
Convert -344521 (base 6) to base 4.
-13032001
What is 2030 (base 7) in base 13?
425
What is -5950 (base 15) in base 10?
-18975
What is -1462 (base 10) in base 15?
-677
What is -1001111000 (base 2) in base 16?
-278
What is -147 (base 15) in base 8?
-444
Convert -322020 (base 4) to base 13.
-1902
-597 (base 10) to base 9
-733
-100000111010 (base 2) to base 14
-aa6
112212022 (base 3) to base 10
10835
-2597 (base 12) to base 10
-4291
Convert 3277 (base 9) to base 14.
c4b
-1103231 (base 4) to base 2
-1010011101101
What is -3424 (base 6) in base 8?
-1450
-2323 (base 6) to base 13
-339
Convert -51b (base 16) to base 12.
-90b
Convert -154265 (base 7) to base 11.
-20872
307 (base 12) to base 6
2011
What is 121121210 (base 3) in base 8?
27525
-12040 (base 5) to base 6
-4051
2783 (base 11) to base 13
183c
What is -33aa (base 12) in base 9?
-7784
What is 4781 (base 9) in base 10?
3556
What is -132 (base 7) in base 11?
-66
110210 (base 3) to base 16
159
What is -18020 (base 9) in base 12?
-7223
-700 (base 16) to base 8
-3400
Convert -12375 (base 9) to base 16.
-208a
54d (base 15) to base 5
14243
25423 (base 12) to base 16
c61b
-342003 (base 5) to base 7
-50234
113201 (base 6) to base 5
303133
What is 10000110111011 (base 2) in base 6?
103551
What is 1010001 (base 4) in base 9?
5866
What is 28799 (base 11) in base 6?
513141
What is 244 (base 16) in base 15?
28a
-84ad (base 15) to base 2
-110110110011111
Convert 2976 (base 12) to base 7.
20055
Convert -15007 (base 14) to base 16.
-cbaf
What is 554 (base 9) in base 3?
121211
-1133 (base 6) to base 2
-100010001
What is -220332 (base 4) in base 16?
-a3e
-939 (base 15) to base 4
-200133
What is 249 (base 16) in base 7?
1464
What is -7bb6 (base 14) in base 16?
-5414
106 (base 11) to base 8
177
11a28 (base 15) to base 12
286a8
-315424 (base 6) to base 13
-ba07
What is -4600 (base 15) in base 8?
-35002
-617 (base 8) to base 15
-1b9
Convert -6687 (base 14) to base 10.
-17759
Convert -15a (base 13) to base 16.
-f4
Convert -169b (base 15) to base 11.
-3729
64 (base 8) to base 5
202
1040 (base 6) to base 4
3300
Convert -498 (base 12) to base 5.
-10232
Convert 646 (base 8) to base 15.
1d2
Convert -652 (base 9) to base 14.
-2a1
Convert 100011110001 (base 2) to base 5.
33124
fbe9 (base 16) to base 4
33233221
24210 (base 6) to base 4
313032
What is -13411 (base 6) in base 16?
-82f
Convert 367 (base 10) to base 16.
16f
Convert -312 (base 14) to base 7.
-1522
-771 (base 10) to base 3
-1001120
100011010 (base 2) to base 12
1b6
-20646 (base 12) to base 10
-42390
What is 264 (base 9) in base 8?
334
What is 2489 (base 16) in base 13?
4346
-207 (base 16) to base 4
-20013
What is 388 (base 13) in base 5?
4434
-5 (base 8) to base 5
-10
What is -212 (base 14) in base 10?
-408
Convert -1000011001010011 (base 2) to base 3.
-1202011121
What is 5540 (base 7) in base 6?
13112
What is -210330 (base 5) in base 12?
-4045
-211010 (base 3) to base 2
-1001010101
What is 232202 (base 4) in base 13?
1481
2b15 (base 14) to base 5
221123
What is -3010220 (base 4) in base 11?
-9500
What is 121006 (base 7) in base 14?
8006
What is 5356 (base 12) in base 10?
9138
Convert -1432220 (base 5) to base 6.
-352154
12204 (base 5) to base 3
1021102
Convert 10875 (base 10) to base 8.
25173
Convert -1221111 (base 3) to base 10.
-1417
-15311 (base 6) to base 14
-c9d
Convert 2310 (base 4) to base 14.
cc
1111 (base 6) to base 12
197
What is -2010122212 (base 3) in base 7?
-233360
Convert -1000020 (base 4) to base 3.
-12122000
What is -47220 (base 10) in base 9?
-71686
Convert 3a53 (base 11) to base 15.
185b
Convert 1442 (base 5) to base 9.
304
What is -271 (base 12) in base 9?
-454
1506 (base 9) to base 2
10001110100
Convert 2cc (base 15) to base 11.
534
Convert -25510 (base 7) to base 12.
-3b01
-831 (base 10) to base 8
-1477
111000010011011 (base 2) to base 8
70233
Convert 443 (base 6) to base 16.
ab
3c5a (base 15) to base 2
11001001101110
What is 67b4 (base 14) in base 4?
10121022
Convert 100010101 (base 3) to base 16.
19fc
Convert 1100011010 (base 2) to base 16.
31a
What is 1a7 (base 15) in base 14?
1d4
-85 (base 14) to base 16
-75
-21003001 (base 4) to base 15
-aea7
What is -428 (base 15) in base 12?
-662
Convert 100 (base 12) to base 2.
10010000
Convert -43 (base 13) to base 4.
-313
Convert -314 (base 9) to base 14.
-144
18b (base 12) to base 15
11b
What is -201222021 (base 3) in base 5?
-431220
Convert 2291 (base 12) to base 4.
330031
101111000001 (base 2) to base 7
11526
Convert -42 (base 13) to base 7.
-105
1204 (base 7) to base 13
283
What is -13878 (base 12) in base 3?
-1101021002
What is 1499 (base 11) in base 13?
b4c
What is af7 (base 16) in base 2?
101011110111
What is -1305000 (base 6) in base 8?
-212630
What is 19a (base 16) in base 8?
632
5043 (base 7) to base 3
2101200
-252c (base 13) to base 3
-21020110
Convert -9ba4 (base 12) to base 5.
-1023020
Convert -5371 (base 9) to base 3.
-12102101
-24 (base 15) to base 12
-2a
What is -5a (base 12) in base 4?
-1012
-13033300 (base 4) to base 14
-ab60
Convert -1193 (base 13) to base 10.
-2486
Convert 14ac (base 15) to base 11.
3374
167 (base 10) to base 7
326
What is -39b (base 12) in base 14?
-2b5
Convert 120 (base 7) to base 8.
77
What is -146 (base 13) in base 6?
-1015
-560 (base 10) to base 4
-20300
Convert -e46 (base 15) to base 13.
-1605
-b7a (base 13) to base 10
-1960
-14203 (base 7) to base 8
-7442
1307 (base 8) to base 11
597
What is 993 (base 11) in base 7?
3321
Convert 2445 (base 8) to base 7.
3561
-3003 (base 8) to base 6
-11043
Convert 111102111 (base 3) to base 15.
2d77
What is -67 (base 14) in base 13?
-70
Convert -4401 (base 8) to base 11.
-1806
Convert 5087 (base 10) to base 7.
20555
Convert 1010122 (base 3) to base 2.
1100111011
17618 (base 10) to base 3
220011112
What is -752 (base 12) in base 5?
-13240
What is 2130133 (base 4) in base 6?
114211
What is -c63b (base 13) in base 14?
-9dd2
1000100010000 (base 2) to base 5
114433
What is 3123010 (base 4) in base 15?
424a
Convert 9114 (base 16) to base 9.
55846
What is 231103 (base 4) in base 11?
21a6
-11110010011 (base 2) to base 6
-12551
942e (base 15) to base 14
b5b1
What is -1232230 (base 5) in base 16?
-5e01
Convert -211333 (base 5) to base 15.
-217d
-4a39 (base 15) to base 14
-5a8c
-312 (base 8) to base 11
-174
173 (base 8) to base 7
234
21781 (base 9) to base 7
60151
What is 129 (base 11) in base 12?
108
1500 (base 6) to base 14
204
What is 92a2 (base 11) in base 3?
121220210
c91 (base 13) to base 3
2221111
Convert 1358 (base 10) to base 6.
10142
Convert 103103 (base 4) to base 8.
2323
1bf4 (base 16) to base 8
15764
Convert 197 (base 16) to base 15.
1c2
Convert 2c3 (base 16) to base 2.
1011000011
1cc (base 13) to base 3
110111
Convert -167b5 (base 15) to base 12.
-36038
What is 4b9 (base 16) in base 10?
1209
What is 213 (base 10) in base 5?
1323
Convert 26a (base 11) to base 3.
102210
Convert 1a30 (base 15) to base 4.
1120212
Convert -1004 (base 6) to base 8.
-334
What is -11228 (base 9) in base 16?
-1d36
What is -1e0 (base 15) in base 12?
-303
560 (base 12) to base 4
30120
Convert 164a (base 15) to base 16.
12bb
Convert -352 (base 11) to base 14.
-220
-4001 (base 9) to base 10
-2917
-100200001 (base 3) to base 6
-52344
-240425 (base 7) to base 5
-2342213
64 (base 13) to base 7
145
a94 (base 11) to base 15
5c8
Convert -2a1 (base 12) to base 7.
-1123
What is -437 (base 8) in base 9?
-348
-2033 (base 7) to base 15
-325
-3216 (base 7) to base 5
-14030
What is 2010301 (base 4) in base 9?
12581
What is -3223300 (base 4) in base 10?
-15088
Convert 601 (base 14) to base 8.
2231
823 (base 9) to base 5
10134
What is 9461 (base 11) in base 12?
7302
-1110101000010 (base 2) to base 15
-2345
Convert 4020 (base 8) to base 12.
1240
138 (base 9) to base 11
a6
Convert -6850 (base 9) to base